igit of 173957508?
9
What is the ten thousands digit of 467708722?
0
What is the ten thousands digit of 419741043?
4
What is the ten thousands digit of 1150775449?
7
What is the hundred thousands digit of 230299549?
2
What is the thousands digit of 697943603?
3
What is the tens digit of 22759486?
8
What is the billions digit of 2076455943?
2
What is the hundred millions digit of 2582496708?
5
What is the ten thousands digit of 94991860?
9
What is the millions digit of 335541073?
5
What is the units digit of 519815866?
6
What is the hundred thousands digit of 61375402?
3
What is the units digit of 34683710?
0
What is the hundred millions digit of 275638416?
2
What is the tens digit of 60670134?
3
What is the hundred thousands digit of 1473867759?
8
What is the millions digit of 228520449?
8
What is the thousands digit of 120786352?
6
What is the ten millions digit of 38399572?
3
What is the hundreds digit of 984462755?
7
What is the thousands digit of 2052058507?
8
What is the units digit of 328510319?
9
What is the hundreds digit of 403421370?
3
What is the hundred thousands digit of 185067367?
0
What is the tens digit of 37118311?
1
What is the thousands digit of 5011967901?
7
What is the tens digit of 37961887?
8
What is the millions digit of 4160197828?
0
What is the ten thousands digit of 13281711?
8
What is the hundred millions digit of 3392195303?
3
What is the units digit of 2493942?
2
What is the ten thousands digit of 56734362?
3
What is the ten millions digit of 64031313?
6
What is the hundred thousands digit of 988319382?
3
What is the hundred millions digit of 718610253?
7
What is the ten thousands digit of 131561994?
6
What is the units digit of 96860136?
6
What is the tens digit of 62219220?
2
What is the hundreds digit of 991014522?
5
What is the ten thousands digit of 162817578?
1
What is the hundreds digit of 85218468?
4
What is the hundreds digit of 3977190879?
8
What is the ten millions digit of 22993490?
2
What is the hundred thousands digit of 150426332?
4
What is the tens digit of 22227232?
3
What is the hundreds digit of 3283231899?
8
What is the hundred thousands digit of 164223266?
2
What is the tens digit of 181948305?
0
What is the tens digit of 934927081?
8
What is the hundred millions digit of 277166770?
2
What is the hundreds digit of 74199085?
0
What is the hundred thousands digit of 478667609?
6
What is the ten thousands digit of 1169237431?
3
What is the ten millions digit of 4213398991?
1
What is the units digit of 43506896?
6
What is the hundreds digit of 155433234?
2
What is the hundred thousands digit of 87794115?
7
What is the ten millions digit of 1548605145?
4
What is the tens digit of 6302582035?
3
What is the ten thousands digit of 1760886505?
8
What is the ten millions digit of 1353895957?
5
What is the ten millions digit of 179470583?
7
What is the tens digit of 288993008?
0
What is the units digit of 46009728?
8
What is the millions digit of 48705300?
8
What is the hundreds digit of 7381759994?
9
What is the ten thousands digit of 81282775?
8
What is the ten millions digit of 485607727?
8
What is the units digit of 259427321?
1
What is the tens digit of 167491567?
6
What is the thousands digit of 473452498?
2
What is the hundred millions digit of 2888841567?
8
What is the hundred millions digit of 2813523929?
8
What is the thousands digit of 604461437?
1
What is the millions digit of 153359152?
3
What is the units digit of 856292953?
3
What is the millions digit of 4223368?
4
What is the hundred thousands digit of 2323118167?
1
What is the units digit of 53719514?
4
What is the billions digit of 4600569251?
4
What is the tens digit of 328231001?
0
What is the tens digit of 2568313061?
6
What is the hundred thousands digit of 323434222?
4
What is the billions digit of 3332828040?
3
What is the hundreds digit of 1445953711?
7
What is the ten millions digit of 89577302?
8
What is the hundreds digit of 2902257664?
6
What is the hundreds digit of 1871841299?
2
What is the hundred millions digit of 440991347?
4
What is the units digit of 156962194?
4
What is the hundred thousands digit of 70311600?
3
What is the ten millions digit of 1857687223?
5
What is the units digit of 719177297?
7
What is the tens digit of 49123433?
3
What is the hundred thousands digit of 329045106?
0
What is the tens digit of 1507488695?
9
What is the hundreds digit of 1408972934?
9
What is the hundred thousands digit of 5948709?
9
What is the tens digit of 46296712?
1
What is the ten thousands digit of 38130907?
3
What is the hundred thousands digit of 2774284527?
2
What is the units digit of 484655319?
9
What is the hundred millions digit of 1240191361?
2
What is the ten millions digit of 115961331?
1
What is the ten thousands digit of 27595330?
9
What is the thousands digit of 669814084?
4
What is the billions digit of 1821025664?
1
What is the units digit of 1443226250?
0
What is the ten millions digit of 341951213?
4
What is the billions digit of 4621080341?
4
What is the units digit of 184945026?
6
What is the thousands digit of 53708412?
8
What is the tens digit of 36079836?
3
What is the units digit of 54563409?
9
What is the units digit of 27285293?
3
What is the hundred thousands digit of 34342613?
3
What is the ten thousands digit of 220513896?
1
What is the hundreds digit of 140573054?
0
What is the hundred thousands digit of 2065386?
0
What is the hundred thousands digit of 30498666?
4
What is the millions digit of 167596880?
7
What is the hundreds digit of 50531149?
1
What is the units digit of 145512269?
9
What is the tens digit of 1007329752?
5
What is the thousands digit of 89801607?
1
What is the hundred millions digit of 1366039621?
3
What is the hundreds digit of 903361180?
1
What is the billions digit of 5984535280?
5
What is the thousands digit of 115778021?
8
What is the tens digit of 146088589?
8
What is the ten millions digit of 107486370?
0
What is the billions digit of 7002021812?
7
What is the ten millions digit of 3152543145?
5
What is the millions digit of 53579455?
3
What is the ten thousands digit of 334355273?
5
What is the hundred thousands digit of 24260108?
2
What is the tens digit of 170466664?
6
What is the billions digit of 1503383535?
1
What is the ten millions digit of 174858842?
7
What is the millions digit of 252350720?
2
What is the hundred millions digit of 306735327?
3
What is the hundred thousands digit of 5850696668?
6
What is the hundred thousands digit of 138018298?
0
What is the ten millions digit of 773359650?
7
What is the units digit of 1689120100?
0
What is the millions digit of 607985858?
7
What is the ten thousands digit of 459321748?
2
What is the hundreds digit of 79612835?
8
What is the billions digit of 8228814841?
8
What is the units digit of 42119680?
0
What is the hundred millions digit of 779973096?
7
What is the ten millions digit of 20204784?
2
What is the ten thousands digit of 129894974?
9
What is the hundred thousands digit of 464723011?
7
What is the hundred thousands digit of 54076770?
0
What is the tens digit of 1321985931?
3
What is the hundred millions digit of 6395122335?
3
What is the thousands digit of 5058170?
8
What is the thousands digit of 54146477?
6
What is the units digit of 33110411?
1
What is the hundred thousands digit of 7686767?
6
What is the hundred millions digit of 121181994?
1
What is the hundred thousands digit of 56880272?
8
What is the thousands digit of 218376220?
6
What is the tens digit of 791999724?
2
What is the tens digit of 68048735?
3
What is the units digit of 96141462?
2
What is the ten thousands digit of 35954572?
5
What is the millions digit of 184223138?
4
What is the millions digit of 1017861545?
7
What is the ten millions digit of 101094946?
0
What is the thousands digit of 348765970?
5
What is the ten thousands digit of 1449954439?
5
What is the tens digit of 272852271?
7
What is the ten millions digit of 35448371?
3
What is the hundred thousands digit of 638719743?
7
What is the ten millions digit of 757303147?
5
What is the thousands digit of 27937423?
7
What is the hundred millions digit of 432516665?
4
What is the millions digit of 34964039?
4
What is the millions digit of 38154910?
8
What is the hundred thousa